{"id":29,"date":"2020-03-15T19:42:10","date_gmt":"2020-03-15T18:42:10","guid":{"rendered":"http:\/\/192.168.0.210:8002\/?page_id=29"},"modified":"2020-03-15T19:45:58","modified_gmt":"2020-03-15T18:45:58","slug":"ticketsystem","status":"publish","type":"page","link":"https:\/\/www.mescot.at\/?page_id=29","title":{"rendered":"Ticketsystem"},"content":{"rendered":"\n<p> Unter der Rubrik&nbsp;<strong>Support&nbsp;<\/strong>kommen Sie zu unserem <a href=\"http:\/\/192.168.0.210:8002\/otrs\/customer.pl\" target=\"_blank\" rel=\"noreferrer noopener\" aria-label=\"Ticketsystem (\u00f6ffnet in neuem Tab)\">Ticketsystem<\/a>. Bei der ersten Verwendung melden Sie sich unter Ihrer E-Mail-Adresse als Benutzernamen sowie mit den anderen geforderten Daten beim System an! Sie bekommen ein Password zugewiesen.<br> Verwenden Sie bei allen folgenden Anmeldungen Ihren Benutzernamen (E-Mail-Adresse) und das zugewiesene oder von Ihnen ver\u00e4nderte Password, um mit uns in Support-Kontakt zu treten. Wenn Sie ein neues Ticket \u00f6ffnen, k\u00f6nnen Sie uns Ihre Fragen mitteilen, wir werden so rasch wie m\u00f6glich darauf reagieren. <\/p>\n","protected":false},"excerpt":{"rendered":"<p>Unter der Rubrik&nbsp;Support&nbsp;kommen Sie zu unserem Ticketsystem. Bei der ersten Verwendung melden Sie sich unter Ihrer E-Mail-Adresse als Benutzernamen sowie mit den anderen geforderten Daten beim System an! Sie bekommen ein Password zugewiesen. Verwenden Sie bei allen folgenden Anmeldungen Ihren Benutzernamen (E-Mail-Adresse) und das zugewiesene oder von Ihnen ver\u00e4nderte Password, um mit uns in Support-Kontakt [&hellip;]<\/p>\n","protected":false},"author":1,"featured_media":37,"parent":0,"menu_order":0,"comment_status":"closed","ping_status":"closed","template":"","meta":{"footnotes":""},"class_list":["post-29","page","type-page","status-publish","has-post-thumbnail","hentry"],"_links":{"self":[{"href":"https:\/\/www.mescot.at\/index.php?rest_route=\/wp\/v2\/pages\/29","targetHints":{"allow":["GET"]}}],"collection":[{"href":"https:\/\/www.mescot.at\/index.php?rest_route=\/wp\/v2\/pages"}],"about":[{"href":"https:\/\/www.mescot.at\/index.php?rest_route=\/wp\/v2\/types\/page"}],"author":[{"embeddable":true,"href":"https:\/\/www.mescot.at\/index.php?rest_route=\/wp\/v2\/users\/1"}],"replies":[{"embeddable":true,"href":"https:\/\/www.mescot.at\/index.php?rest_route=%2Fwp%2Fv2%2Fcomments&post=29"}],"version-history":[{"count":2,"href":"https:\/\/www.mescot.at\/index.php?rest_route=\/wp\/v2\/pages\/29\/revisions"}],"predecessor-version":[{"id":33,"href":"https:\/\/www.mescot.at\/index.php?rest_route=\/wp\/v2\/pages\/29\/revisions\/33"}],"wp:featuredmedia":[{"embeddable":true,"href":"https:\/\/www.mescot.at\/index.php?rest_route=\/wp\/v2\/media\/37"}],"wp:attachment":[{"href":"https:\/\/www.mescot.at\/index.php?rest_route=%2Fwp%2Fv2%2Fmedia&parent=29"}],"curies":[{"name":"wp","href":"https:\/\/api.w.org\/{rel}","templated":true}]}}